{"id":278,"date":"2025-07-02T14:59:06","date_gmt":"2025-07-02T12:59:06","guid":{"rendered":"https:\/\/festivos.cl\/?page_id=278"},"modified":"2025-07-02T15:06:58","modified_gmt":"2025-07-02T13:06:58","slug":"feriados-de-chile-2","status":"publish","type":"page","link":"https:\/\/festivos.cl\/index.php\/feriados-de-chile-2\/","title":{"rendered":"Feriados por a\u00f1os"},"content":{"rendered":"\n<div class=\"wp-block-columns alignwide is-layout-flex wp-container-core-columns-is-layout-d2da2050 wp-block-columns-is-layout-flex\" style=\"margin-bottom:0\">\n<div class=\"wp-block-column has-text-color has-background has-link-color wp-elements-a0047c994781ab12255a9c916bff6d60 is-layout-flow wp-block-column-is-layout-flow\" style=\"color:#000000;background-color:#ffe97d;padding-top:2em;padding-right:2em;padding-bottom:2em;padding-left:2em\">\n<h2 class=\"wp-block-heading\" id=\"single\" style=\"font-size:40px\"><strong>Feriados a\u00f1o 2025<\/strong><\/h2>\n\n\n\n<p class=\"has-normal-font-size\" style=\"line-height:1.5\"><strong>Todos los feriados de Chile<\/strong><\/p>\n\n\n\n<hr class=\"wp-block-separator has-text-color has-css-opacity has-background is-style-wide\" style=\"background-color:#000000;color:#000000\"\/>\n\n\n\n<ul class=\"wp-block-list has-normal-font-size\">\n<li><strong>Revisa en detalle las fechas y calendarios, fines de semana largos, interferiados.<\/strong><\/li>\n<\/ul>\n\n\n\n<div class=\"wp-block-buttons alignfull is-horizontal is-content-justification-center is-layout-flex wp-container-core-buttons-is-layout-03627597 wp-block-buttons-is-layout-flex\">\n<div class=\"wp-block-button has-custom-width wp-block-button__width-100\"><a class=\"wp-block-button__link has-white-color has-text-color has-background no-border-radius wp-element-button\" href=\"https:\/\/festivos.cl\/\" style=\"background-color:#000000\">Feriados<\/a><\/div>\n<\/div>\n<\/div>\n\n\n\n<div class=\"wp-block-column has-text-color has-background has-link-color wp-elements-c9be70bf4493c032e293206dedd31f95 is-layout-flow wp-block-column-is-layout-flow\" style=\"color:#000000;background-color:#d1d1e1;padding-top:2em;padding-right:2em;padding-bottom:2em;padding-left:2em\">\n<h2 class=\"wp-block-heading\" id=\"family\" style=\"font-size:40px\"><strong>Feriados a\u00f1o 2026<\/strong><\/h2>\n\n\n\n<p class=\"has-normal-font-size\" style=\"line-height:1.5\"><strong><strong>Todos los feriados de Chile<\/strong><\/strong><\/p>\n\n\n\n<hr class=\"wp-block-separator has-css-opacity is-style-wide\"\/>\n\n\n\n<ul class=\"wp-block-list has-normal-font-size\">\n<li><strong>Revisa en detalle las fechas y calendarios, fines de semana largos, interferiados.<\/strong><\/li>\n<\/ul>\n\n\n\n<div class=\"wp-block-buttons alignfull is-horizontal is-content-justification-center is-layout-flex wp-container-core-buttons-is-layout-03627597 wp-block-buttons-is-layout-flex\">\n<div class=\"wp-block-button has-custom-width wp-block-button__width-100 is-style-fill\"><a class=\"wp-block-button__link has-white-color has-text-color has-background no-border-radius wp-element-button\" href=\"https:\/\/festivos.cl\/index.php\/feriados-2026\/\" style=\"background-color:#000000\">Feriados<\/a><\/div>\n<\/div>\n<\/div>\n\n\n\n<div class=\"wp-block-column has-text-color has-background has-link-color wp-elements-094e3d18020931ea38c5285cda447061 is-layout-flow wp-block-column-is-layout-flow\" style=\"color:#000000;background-color:#c0ebf1;padding-top:2em;padding-right:2em;padding-bottom:2em;padding-left:2em\">\n<h2 class=\"wp-block-heading\" id=\"patron\" style=\"font-size:40px\"><strong>Feriados a\u00f1o 2027<\/strong><\/h2>\n\n\n\n<p class=\"has-normal-font-size\"><strong><strong>Todos los feriados de Chile<\/strong><\/strong><\/p>\n\n\n\n<hr class=\"wp-block-separator has-css-opacity is-style-wide\"\/>\n\n\n\n<ul class=\"wp-block-list has-normal-font-size\">\n<li><strong>Revisa en detalle las fechas y calendarios, fines de semana largos, interferiados.<\/strong><\/li>\n<\/ul>\n\n\n\n<div class=\"wp-block-buttons alignfull is-horizontal is-content-justification-center is-layout-flex wp-container-core-buttons-is-layout-03627597 wp-block-buttons-is-layout-flex\">\n<div class=\"wp-block-button has-custom-width wp-block-button__width-100\"><a class=\"wp-block-button__link has-white-color has-text-color has-background no-border-radius wp-element-button\" href=\"https:\/\/festivos.cl\/index.php\/feriados-2027\/\" style=\"background-color:#000000\">Feriados<\/a><\/div>\n<\/div>\n<\/div>\n<\/div>\n","protected":false},"excerpt":{"rendered":"<p>Feriados a\u00f1o 2025 Todos los feriados de Chile Feriados a\u00f1o 2026 Todos los feriados de Chile Feriados a\u00f1o 2027 Todos los feriados de Chile<\/p>\n","protected":false},"author":1,"featured_media":0,"parent":0,"menu_order":0,"comment_status":"closed","ping_status":"closed","template":"","meta":{"footnotes":""},"class_list":["post-278","page","type-page","status-publish","hentry"],"yoast_head":"<!-- This site is optimized with the Yoast SEO plugin v27.0 - https:\/\/yoast.com\/product\/yoast-seo-wordpress\/ -->\n<title>Feriados por a\u00f1os -<\/title>\n<meta name=\"description\" content=\"Todos los feriados de chile por a\u00f1o. A\u00f1o 2025, 2026, 2027, revisa los interferiados, fines de semana largos, vacaciones y licencias\" \/>\n<meta name=\"robots\" content=\"index, follow, max-snippet:-1, max-image-preview:large, max-video-preview:-1\" \/>\n<link rel=\"canonical\" href=\"https:\/\/festivos.cl\/index.php\/feriados-de-chile-2\/\" \/>\n<meta property=\"og:locale\" content=\"en_US\" \/>\n<meta property=\"og:type\" content=\"article\" \/>\n<meta property=\"og:title\" content=\"Feriados por a\u00f1os -\" \/>\n<meta property=\"og:description\" content=\"Todos los feriados de chile por a\u00f1o. A\u00f1o 2025, 2026, 2027, revisa los interferiados, fines de semana largos, vacaciones y licencias\" \/>\n<meta property=\"og:url\" content=\"https:\/\/festivos.cl\/index.php\/feriados-de-chile-2\/\" \/>\n<meta property=\"article:modified_time\" content=\"2025-07-02T13:06:58+00:00\" \/>\n<meta name=\"twitter:card\" content=\"summary_large_image\" \/>\n<meta name=\"twitter:label1\" content=\"Est. reading time\" \/>\n\t<meta name=\"twitter:data1\" content=\"1 minute\" \/>\n<script type=\"application\/ld+json\" class=\"yoast-schema-graph\">{\"@context\":\"https:\/\/schema.org\",\"@graph\":[{\"@type\":\"WebPage\",\"@id\":\"https:\/\/festivos.cl\/index.php\/feriados-de-chile-2\/\",\"url\":\"https:\/\/festivos.cl\/index.php\/feriados-de-chile-2\/\",\"name\":\"Feriados por a\u00f1os -\",\"isPartOf\":{\"@id\":\"https:\/\/festivos.cl\/#website\"},\"datePublished\":\"2025-07-02T12:59:06+00:00\",\"dateModified\":\"2025-07-02T13:06:58+00:00\",\"description\":\"Todos los feriados de chile por a\u00f1o. A\u00f1o 2025, 2026, 2027, revisa los interferiados, fines de semana largos, vacaciones y licencias\",\"breadcrumb\":{\"@id\":\"https:\/\/festivos.cl\/index.php\/feriados-de-chile-2\/#breadcrumb\"},\"inLanguage\":\"en-US\",\"potentialAction\":[{\"@type\":\"ReadAction\",\"target\":[\"https:\/\/festivos.cl\/index.php\/feriados-de-chile-2\/\"]}]},{\"@type\":\"BreadcrumbList\",\"@id\":\"https:\/\/festivos.cl\/index.php\/feriados-de-chile-2\/#breadcrumb\",\"itemListElement\":[{\"@type\":\"ListItem\",\"position\":1,\"name\":\"Portada\",\"item\":\"https:\/\/festivos.cl\/\"},{\"@type\":\"ListItem\",\"position\":2,\"name\":\"Feriados por a\u00f1os\"}]},{\"@type\":\"WebSite\",\"@id\":\"https:\/\/festivos.cl\/#website\",\"url\":\"https:\/\/festivos.cl\/\",\"name\":\"Feriados y festivos en Chile\",\"description\":\"Todos los feriados de Chile en sitio interactivo\",\"publisher\":{\"@id\":\"https:\/\/festivos.cl\/#organization\"},\"potentialAction\":[{\"@type\":\"SearchAction\",\"target\":{\"@type\":\"EntryPoint\",\"urlTemplate\":\"https:\/\/festivos.cl\/?s={search_term_string}\"},\"query-input\":{\"@type\":\"PropertyValueSpecification\",\"valueRequired\":true,\"valueName\":\"search_term_string\"}}],\"inLanguage\":\"en-US\"},{\"@type\":\"Organization\",\"@id\":\"https:\/\/festivos.cl\/#organization\",\"name\":\"Festivos.cl\",\"url\":\"https:\/\/festivos.cl\/\",\"logo\":{\"@type\":\"ImageObject\",\"inLanguage\":\"en-US\",\"@id\":\"https:\/\/festivos.cl\/#\/schema\/logo\/image\/\",\"url\":\"https:\/\/festivos.cl\/wp-content\/uploads\/2025\/05\/ChatGPT-Image-18-may-2025-09_16_40-p.m.png\",\"contentUrl\":\"https:\/\/festivos.cl\/wp-content\/uploads\/2025\/05\/ChatGPT-Image-18-may-2025-09_16_40-p.m.png\",\"width\":1024,\"height\":1024,\"caption\":\"Festivos.cl\"},\"image\":{\"@id\":\"https:\/\/festivos.cl\/#\/schema\/logo\/image\/\"},\"sameAs\":[\"https:\/\/instagram.com\/festivosdechile\"]}]}<\/script>\n<!-- \/ Yoast SEO plugin. -->","yoast_head_json":{"title":"Feriados por a\u00f1os -","description":"Todos los feriados de chile por a\u00f1o. A\u00f1o 2025, 2026, 2027, revisa los interferiados, fines de semana largos, vacaciones y licencias","robots":{"index":"index","follow":"follow","max-snippet":"max-snippet:-1","max-image-preview":"max-image-preview:large","max-video-preview":"max-video-preview:-1"},"canonical":"https:\/\/festivos.cl\/index.php\/feriados-de-chile-2\/","og_locale":"en_US","og_type":"article","og_title":"Feriados por a\u00f1os -","og_description":"Todos los feriados de chile por a\u00f1o. A\u00f1o 2025, 2026, 2027, revisa los interferiados, fines de semana largos, vacaciones y licencias","og_url":"https:\/\/festivos.cl\/index.php\/feriados-de-chile-2\/","article_modified_time":"2025-07-02T13:06:58+00:00","twitter_card":"summary_large_image","twitter_misc":{"Est. reading time":"1 minute"},"schema":{"@context":"https:\/\/schema.org","@graph":[{"@type":"WebPage","@id":"https:\/\/festivos.cl\/index.php\/feriados-de-chile-2\/","url":"https:\/\/festivos.cl\/index.php\/feriados-de-chile-2\/","name":"Feriados por a\u00f1os -","isPartOf":{"@id":"https:\/\/festivos.cl\/#website"},"datePublished":"2025-07-02T12:59:06+00:00","dateModified":"2025-07-02T13:06:58+00:00","description":"Todos los feriados de chile por a\u00f1o. A\u00f1o 2025, 2026, 2027, revisa los interferiados, fines de semana largos, vacaciones y licencias","breadcrumb":{"@id":"https:\/\/festivos.cl\/index.php\/feriados-de-chile-2\/#breadcrumb"},"inLanguage":"en-US","potentialAction":[{"@type":"ReadAction","target":["https:\/\/festivos.cl\/index.php\/feriados-de-chile-2\/"]}]},{"@type":"BreadcrumbList","@id":"https:\/\/festivos.cl\/index.php\/feriados-de-chile-2\/#breadcrumb","itemListElement":[{"@type":"ListItem","position":1,"name":"Portada","item":"https:\/\/festivos.cl\/"},{"@type":"ListItem","position":2,"name":"Feriados por a\u00f1os"}]},{"@type":"WebSite","@id":"https:\/\/festivos.cl\/#website","url":"https:\/\/festivos.cl\/","name":"Feriados y festivos en Chile","description":"Todos los feriados de Chile en sitio interactivo","publisher":{"@id":"https:\/\/festivos.cl\/#organization"},"potentialAction":[{"@type":"SearchAction","target":{"@type":"EntryPoint","urlTemplate":"https:\/\/festivos.cl\/?s={search_term_string}"},"query-input":{"@type":"PropertyValueSpecification","valueRequired":true,"valueName":"search_term_string"}}],"inLanguage":"en-US"},{"@type":"Organization","@id":"https:\/\/festivos.cl\/#organization","name":"Festivos.cl","url":"https:\/\/festivos.cl\/","logo":{"@type":"ImageObject","inLanguage":"en-US","@id":"https:\/\/festivos.cl\/#\/schema\/logo\/image\/","url":"https:\/\/festivos.cl\/wp-content\/uploads\/2025\/05\/ChatGPT-Image-18-may-2025-09_16_40-p.m.png","contentUrl":"https:\/\/festivos.cl\/wp-content\/uploads\/2025\/05\/ChatGPT-Image-18-may-2025-09_16_40-p.m.png","width":1024,"height":1024,"caption":"Festivos.cl"},"image":{"@id":"https:\/\/festivos.cl\/#\/schema\/logo\/image\/"},"sameAs":["https:\/\/instagram.com\/festivosdechile"]}]}},"_hostinger_reach_plugin_has_subscription_block":false,"_hostinger_reach_plugin_is_elementor":false,"_links":{"self":[{"href":"https:\/\/festivos.cl\/index.php\/wp-json\/wp\/v2\/pages\/278","targetHints":{"allow":["GET"]}}],"collection":[{"href":"https:\/\/festivos.cl\/index.php\/wp-json\/wp\/v2\/pages"}],"about":[{"href":"https:\/\/festivos.cl\/index.php\/wp-json\/wp\/v2\/types\/page"}],"author":[{"embeddable":true,"href":"https:\/\/festivos.cl\/index.php\/wp-json\/wp\/v2\/users\/1"}],"replies":[{"embeddable":true,"href":"https:\/\/festivos.cl\/index.php\/wp-json\/wp\/v2\/comments?post=278"}],"version-history":[{"count":4,"href":"https:\/\/festivos.cl\/index.php\/wp-json\/wp\/v2\/pages\/278\/revisions"}],"predecessor-version":[{"id":285,"href":"https:\/\/festivos.cl\/index.php\/wp-json\/wp\/v2\/pages\/278\/revisions\/285"}],"wp:attachment":[{"href":"https:\/\/festivos.cl\/index.php\/wp-json\/wp\/v2\/media?parent=278"}],"curies":[{"name":"wp","href":"https:\/\/api.w.org\/{rel}","templated":true}]}}